{"id":44,"date":"2016-09-19T12:22:08","date_gmt":"2016-09-19T12:22:08","guid":{"rendered":"http:\/\/cedergrenskafonden.se\/?page_id=44"},"modified":"2016-09-20T11:15:21","modified_gmt":"2016-09-20T11:15:21","slug":"stadgar","status":"publish","type":"page","link":"https:\/\/cedergrenskafonden.se\/?page_id=44","title":{"rendered":"Stadgar"},"content":{"rendered":"<p>[et_pb_section admin_label=&#8221;Sektion&#8221; fullwidth=&#8221;off&#8221; specialty=&#8221;off&#8221;][et_pb_row admin_label=&#8221;Rad&#8221;][et_pb_column type=&#8221;4_4&#8243;][et_pb_text admin_label=&#8221;Text&#8221; background_layout=&#8221;light&#8221; text_orientation=&#8221;left&#8221; use_border_color=&#8221;off&#8221; border_color=&#8221;#ffffff&#8221; border_style=&#8221;solid&#8221;]<\/p>\n<p><strong>Cedergrenska fondens stadgar<\/strong><\/p>\n<p><strong>\u00a0<\/strong><\/p>\n<p><strong>Cedergrenska fonden bildades den 12 juni 1996 i samband med att F\u00f6reningen Cedergrenska Torneets V\u00e4nner uppl\u00f6stes. Det skedde vid ett m\u00f6te i Cedergrenska Tornet med Lennart Waldenstr\u00f6ms som m\u00f6tesordf\u00f6rande och Gunna Haeger som m\u00f6tessekreterare.<\/strong><\/p>\n<p><strong>Vid m\u00f6tet anstogs Fondens stadgar som inte \u00e4ndrats sedan dess.<\/strong><\/p>\n<p><strong>\u00a0<\/strong><\/p>\n<p class=\"BRD1\"><strong>\u00a7 1\u00a0 Fondens namn<br \/>\nF<\/strong>ondens namn skall vara F\u00f6reningen Cedergrenska Tornets V\u00e4nners Fond.<\/p>\n<p class=\"BRD1\"><strong>\u00a7 2\u00a0 Fondens kapital<br \/>\nF<\/strong>ondens kapital skall utg\u00f6ras av de medel som F\u00f6reningen Cedergrenska Tornets V\u00e4nner \u00f6verf\u00f6r till fonden i samband med att v\u00e4nf\u00f6reningen uppl\u00f6ses.<\/p>\n<p class=\"BRD1\"><strong>F<\/strong>ondens kapital kan \u00f6kas genom framtida g\u00e5vor.<\/p>\n<p class=\"BRD1\"><strong>\u00a7 3\u00a0 Fondens styrelse<br \/>\nF<\/strong>ondens kapital skall f\u00f6rvaltas av en styrelse p\u00e5 tre personer, vilka samtliga utses av styrelsen f\u00f6r S\u00e4llskapet Amorina.<strong>E<\/strong>n av dessa personer skall utses att som ordf\u00f6rande leda fondstyrelsens arbete.<br \/>\n<strong>S<\/strong>tyrelsen \u00e4ger i alla avseenden f\u00f6retr\u00e4da fonden.<br \/>\n<strong>S<\/strong>tyrelsen \u00e4r beslutsf\u00f6r n\u00e4r fler \u00e4n halva antalet ledam\u00f6ter \u00e4r n\u00e4rvarande.<br \/>\n<strong>S<\/strong>tyrelsen skall \u00e5rligen avgiva en ber\u00e4ttelse \u00f6ver sin f\u00f6rvaltning med balans- och resultatr\u00e4kningar.<br \/>\n<strong>B<\/strong>er\u00e4ttelsen skall revideras av en av Danderyds kommun utsedd person.<br \/>\n<strong>F<\/strong>\u00f6r uppdrag som styrelseledamot och revisor skall inget arvode utg\u00e5.<\/p>\n<p class=\"BRD1\"><strong>\u00a7 4\u00a0 Fondens avkastning<br \/>\nA<\/strong>vkastningen fr\u00e5n fondens kapital b\u00f6r \u00e5rligen, sedan eventuella skatter och f\u00f6rvaltningskostnader erlagts, anv\u00e4ndas till stipendier, bidrag eller annat \u00e4ndam\u00e5l enligt styrelsens gottfinnande.<br \/>\n<strong>D<\/strong>en enda begr\u00e4nsningen skall vara att medlen anv\u00e4nds till n\u00e5got\/n\u00e5gon som har anknytning till Stocksund och till Cedergrenska Tornet och Parken.<\/p>\n<p class=\"BRD1\"><strong>\u00a7 5\u00a0 Fondens uppl\u00f6sning<br \/>\nD<\/strong>essa f\u00f6reskrifter f\u00e5r endast \u00e4ndras efter godk\u00e4nnande av Danderyds kommun.<br \/>\n<strong>S<\/strong>kulle s\u00e4llskapet Amorina finna att \u00e4ndam\u00e5let f\u00f6r fondens verksamhet inte l\u00e4ngre g\u00e5r att uppfylla, skall fonden uppl\u00f6sas och kvarvarande kapital tillfalla Danderyds kommun.<br \/>\n<strong>K<\/strong>apitalet skall av kommunen anv\u00e4ndas till \u00e4ndam\u00e5l som ligger n\u00e4ra dem som Fonden haft att st\u00f6dja.<\/p>\n<p class=\"BRD1\" style=\"text-align: left;\" align=\"center\">*<\/p>\n<p class=\"BY\" style=\"text-align: left;\" align=\"center\"><strong>D<\/strong>essa f\u00f6reskrifter \u00e4r antagna vid \u00e5rsm\u00f6te i F\u00f6reningen Cedergrenska Tornets V\u00e4nner den 12 juni 1996.<br \/>\n<strong>P<\/strong>\u00e5 medlemmarnas i <strong>F<\/strong>\u00f6reningen <strong>C<\/strong>edergrenska <strong>T<\/strong>ornets <strong>V<\/strong>\u00e4nner v\u00e4gnar<\/p>\n<p style=\"text-align: left;\">\u00a0<em>Lennart Waldenstr\u00f6m\u00a0\u00a0\u00a0\u00a0\u00a0\u00a0\u00a0\u00a0\u00a0\u00a0\u00a0\u00a0\u00a0\u00a0\u00a0\u00a0\u00a0\u00a0\u00a0\u00a0\u00a0\u00a0\u00a0\u00a0\u00a0\u00a0\u00a0\u00a0\u00a0\u00a0\u00a0\u00a0\u00a0\u00a0\u00a0\u00a0\u00a0\u00a0\u00a0\u00a0\u00a0\u00a0\u00a0\u00a0\u00a0\u00a0\u00a0\u00a0\u00a0\u00a0\u00a0\u00a0\u00a0\u00a0\u00a0\u00a0\u00a0\u00a0\u00a0\u00a0\u00a0\u00a0\u00a0\u00a0\u00a0\u00a0\u00a0\u00a0\u00a0\u00a0\u00a0\u00a0 Gunnar Haeger<br \/>\n<\/em>M\u00f6tesordf\u00f6rande\u00a0\u00a0\u00a0\u00a0\u00a0\u00a0 \u00a0\u00a0\u00a0\u00a0\u00a0\u00a0\u00a0\u00a0\u00a0\u00a0\u00a0\u00a0\u00a0\u00a0\u00a0\u00a0\u00a0\u00a0\u00a0\u00a0\u00a0\u00a0\u00a0\u00a0\u00a0\u00a0\u00a0\u00a0\u00a0\u00a0\u00a0\u00a0\u00a0\u00a0\u00a0\u00a0\u00a0\u00a0\u00a0\u00a0\u00a0\u00a0\u00a0\u00a0\u00a0\u00a0\u00a0\u00a0\u00a0\u00a0\u00a0\u00a0\u00a0\u00a0\u00a0\u00a0\u00a0\u00a0\u00a0\u00a0\u00a0\u00a0\u00a0\u00a0\u00a0\u00a0\u00a0\u00a0\u00a0\u00a0\u00a0\u00a0\u00a0\u00a0 M\u00f6tessekreterare<\/p>\n<p style=\"text-align: left;\"><em>\u00a0Gunnar Andr\u00e9n\u00a0\u00a0\u00a0\u00a0\u00a0\u00a0\u00a0\u00a0\u00a0\u00a0 Ulla Assarsson-Ekl\u00f6w\u00a0\u00a0\u00a0\u00a0\u00a0\u00a0\u00a0\u00a0\u00a0 Ann-Marie\u00a0Raadsen\u00a0\u00a0\u00a0\u00a0\u00a0\u00a0\u00a0\u00a0\u00a0\u00a0\u00a0\u00a0\u00a0\u00a0\u00a0\u00a0\u00a0 Hakon Bildt<br \/>\n<\/em>Ordf\u00f6rande\u00a0\u00a0\u00a0\u00a0\u00a0\u00a0\u00a0\u00a0 \u00a0\u00a0\u00a0\u00a0\u00a0\u00a0\u00a0\u00a0 Vice ordf\u00f6rande\u00a0\u00a0\u00a0\u00a0\u00a0\u00a0\u00a0\u00a0\u00a0\u00a0\u00a0\u00a0\u00a0\u00a0\u00a0\u00a0\u00a0\u00a0\u00a0\u00a0 Sekreterare\u00a0\u00a0\u00a0\u00a0\u00a0\u00a0\u00a0\u00a0\u00a0\u00a0\u00a0\u00a0\u00a0\u00a0\u00a0\u00a0\u00a0\u00a0\u00a0\u00a0\u00a0\u00a0\u00a0\u00a0\u00a0\u00a0\u00a0\u00a0\u00a0\u00a0\u00a0\u00a0 Kass\u00f6r<\/p>\n<p><em>Margareta Larsson\u00a0\u00a0\u00a0\u00a0\u00a0\u00a0\u00a0\u00a0\u00a0\u00a0\u00a0\u00a0\u00a0\u00a0 \u00adIngalill\u00a0Danielson<br \/>\n<\/em>Protokolljusterare \u00a0\u00a0\u00a0\u00a0\u00a0\u00a0\u00a0\u00a0\u00a0\u00a0\u00a0\u00a0\u00a0\u00a0\u00a0\u00a0\u00a0\u00a0 Protokolljusterare<\/p>\n<p>[\/et_pb_text][\/et_pb_column][\/et_pb_row][\/et_pb_section]<\/p>\n","protected":false},"excerpt":{"rendered":"<p>[et_pb_section admin_label=&#8221;Sektion&#8221; fullwidth=&#8221;off&#8221; specialty=&#8221;off&#8221;][et_pb_row admin_label=&#8221;Rad&#8221;][et_pb_column type=&#8221;4_4&#8243;][et_pb_text admin_label=&#8221;Text&#8221; background_layout=&#8221;light&#8221; text_orientation=&#8221;left&#8221; use_border_color=&#8221;off&#8221; border_color=&#8221;#ffffff&#8221; border_style=&#8221;solid&#8221;] Cedergrenska fondens stadgar \u00a0 Cedergrenska fonden bildades den 12 juni 1996 i samband med att F\u00f6reningen Cedergrenska Torneets V\u00e4nner uppl\u00f6stes. Det skedde vid ett m\u00f6te i Cedergrenska Tornet med Lennart Waldenstr\u00f6ms som m\u00f6tesordf\u00f6rande och Gunna Haeger som m\u00f6tessekreterare. Vid m\u00f6tet anstogs Fondens stadgar [&hellip;]<\/p>\n","protected":false},"author":1,"featured_media":0,"parent":0,"menu_order":0,"comment_status":"closed","ping_status":"closed","template":"","meta":{"footnotes":""},"class_list":["post-44","page","type-page","status-publish","hentry"],"_links":{"self":[{"href":"https:\/\/cedergrenskafonden.se\/index.php?rest_route=\/wp\/v2\/pages\/44","targetHints":{"allow":["GET"]}}],"collection":[{"href":"https:\/\/cedergrenskafonden.se\/index.php?rest_route=\/wp\/v2\/pages"}],"about":[{"href":"https:\/\/cedergrenskafonden.se\/index.php?rest_route=\/wp\/v2\/types\/page"}],"author":[{"embeddable":true,"href":"https:\/\/cedergrenskafonden.se\/index.php?rest_route=\/wp\/v2\/users\/1"}],"replies":[{"embeddable":true,"href":"https:\/\/cedergrenskafonden.se\/index.php?rest_route=%2Fwp%2Fv2%2Fcomments&post=44"}],"version-history":[{"count":3,"href":"https:\/\/cedergrenskafonden.se\/index.php?rest_route=\/wp\/v2\/pages\/44\/revisions"}],"predecessor-version":[{"id":53,"href":"https:\/\/cedergrenskafonden.se\/index.php?rest_route=\/wp\/v2\/pages\/44\/revisions\/53"}],"wp:attachment":[{"href":"https:\/\/cedergrenskafonden.se\/index.php?rest_route=%2Fwp%2Fv2%2Fmedia&parent=44"}],"curies":[{"name":"wp","href":"https:\/\/api.w.org\/{rel}","templated":true}]}}

<p>[et_pb_section admin_label=&#8221;Sektion&#8221; fullwidth=&#8221;off&#8221; specialty=&#8221;off&#8221;][et_pb_row admin_label=&#8221;Rad&#8221;][et_pb_column type=&#8221;4_4&#8243;][et_pb_text admin_label=&#8221;Text&#8221; background_layout=&#8221;light&#8221; text_orientation=&#8221;left&#8221; use_border_color=&#8221;off&#8221; border_color=&#8221;#ffffff&#8221; border_style=&#8221;solid&#8221;]</p>
<p><strong>Cedergrenska fondens stadgar</strong></p>
<p><strong> </strong></p>
<p><strong>Cedergrenska fonden bildades den 12 juni 1996 i samband med att Föreningen Cedergrenska Torneets Vänner upplöstes. Det skedde vid ett möte i Cedergrenska Tornet med Lennart Waldenströms som mötesordförande och Gunna Haeger som mötessekreterare.</strong></p>
<p><strong>Vid mötet anstogs Fondens stadgar som inte ändrats sedan dess.</strong></p>
<p><strong> </strong></p>
<p class="BRD1"><strong>§ 1  Fondens namn<br />
F</strong>ondens namn skall vara Föreningen Cedergrenska Tornets Vänners Fond.</p>
<p class="BRD1"><strong>§ 2  Fondens kapital<br />
F</strong>ondens kapital skall utgöras av de medel som Föreningen Cedergrenska Tornets Vänner överför till fonden i samband med att vänföreningen upplöses.</p>
<p class="BRD1"><strong>F</strong>ondens kapital kan ökas genom framtida gåvor.</p>
<p class="BRD1"><strong>§ 3  Fondens styrelse<br />
F</strong>ondens kapital skall förvaltas av en styrelse på tre personer, vilka samtliga utses av styrelsen för Sällskapet Amorina.<strong>E</strong>n av dessa personer skall utses att som ordförande leda fondstyrelsens arbete.<br />
<strong>S</strong>tyrelsen äger i alla avseenden företräda fonden.<br />
<strong>S</strong>tyrelsen är beslutsför när fler än halva antalet ledamöter är närvarande.<br />
<strong>S</strong>tyrelsen skall årligen avgiva en berättelse över sin förvaltning med balans- och resultaträkningar.<br />
<strong>B</strong>erättelsen skall revideras av en av Danderyds kommun utsedd person.<br />
<strong>F</strong>ör uppdrag som styrelseledamot och revisor skall inget arvode utgå.</p>
<p class="BRD1"><strong>§ 4  Fondens avkastning<br />
A</strong>vkastningen från fondens kapital bör årligen, sedan eventuella skatter och förvaltningskostnader erlagts, användas till stipendier, bidrag eller annat ändamål enligt styrelsens gottfinnande.<br />
<strong>D</strong>en enda begränsningen skall vara att medlen används till något/någon som har anknytning till Stocksund och till Cedergrenska Tornet och Parken.</p>
<p class="BRD1"><strong>§ 5  Fondens upplösning<br />
D</strong>essa föreskrifter får endast ändras efter godkännande av Danderyds kommun.<br />
<strong>S</strong>kulle sällskapet Amorina finna att ändamålet för fondens verksamhet inte längre går att uppfylla, skall fonden upplösas och kvarvarande kapital tillfalla Danderyds kommun.<br />
<strong>K</strong>apitalet skall av kommunen användas till ändamål som ligger nära dem som Fonden haft att stödja.</p>
<p class="BRD1" style="text-align: left;" align="center">*</p>
<p class="BY" style="text-align: left;" align="center"><strong>D</strong>essa föreskrifter är antagna vid årsmöte i Föreningen Cedergrenska Tornets Vänner den 12 juni 1996.<br />
<strong>P</strong>å medlemmarnas i <strong>F</strong>öreningen <strong>C</strong>edergrenska <strong>T</strong>ornets <strong>V</strong>änner vägnar</p>
<p style="text-align: left;"> <em>Lennart Waldenström                                                                         Gunnar Haeger<br />
</em>Mötesordförande                                                                                  Mötessekreterare</p>
<p style="text-align: left;"><em> Gunnar Andrén           Ulla Assarsson-Eklöw          Ann-Marie Raadsen                  Hakon Bildt<br />
</em>Ordförande                  Vice ordförande                     Sekreterare                                 Kassör</p>
<p><em>Margareta Larsson               ­Ingalill Danielson<br />
</em>Protokolljusterare                    Protokolljusterare</p>
<p>[/et_pb_text][/et_pb_column][/et_pb_row][/et_pb_section]</p>

<p>[et_pb_section admin_label=&#8221;Sektion&#8221; fullwidth=&#8221;off&#8221; specialty=&#8221;off&#8221;][et_pb_row admin_label=&#8221;Rad&#8221;][et_pb_column type=&#8221;4_4&#8243;][et_pb_text admin_label=&#8221;Text&#8221; background_layout=&#8221;light&#8221; text_orientation=&#8221;left&#8221; use_border_color=&#8221;off&#8221; border_color=&#8221;#ffffff&#8221; border_style=&#8221;solid&#8221;] Cedergrenska fondens stadgar   Cedergrenska fonden bildades den 12 juni 1996 i samband med att Föreningen Cedergrenska Torneets Vänner upplöstes. Det skedde vid ett möte i Cedergrenska Tornet med Lennart Waldenströms som mötesordförande och Gunna Haeger som mötessekreterare. Vid mötet anstogs Fondens stadgar [&hellip;]</p>
